ainder when x is divided by u(w).
8
Suppose -9*s - 74 = 43. Let z = s + 71. What is the remainder when 111 is divided by z?
53
Suppose -4*n = -6*x + 1264, -3*x - 3*n + 490 = -107. Let w(j) = j**3 + 6*j**2 + 2*j + 2. What is the remainder when x is divided by w(-4)?
24
Let f be (3 - 2)*(7 + -4) - -1. Suppose x - 54 + 8 = -5*d, -f*x = 2*d - 130. Calculate the remainder when 60 is divided by x.
29
Suppose 0 = 6*y + 102 - 420. What is the remainder when 234 is divided by y?
22
Let z = -273 - -281. Calculate the remainder when 58 is divided by z.
2
Let u(v) = -v**3 + 8*v**2 + 7*v - 21. What is the remainder when u(5) is divided by 7?
5
Let a(z) = z**2 + 2*z - 61. Let u(m) = 6*m**2 - m + 3. Calculate the remainder when u(3) is divided by a(-10).
16
Suppose 3*m = 2*k - 44 + 186, -5*m = -2*k - 234. Suppose 4*l = m + 122. What is the remainder when l is divided by 16?
10
Let q(t) = 7*t - 70. Suppose 0 = -0*k - 3*k + 12. Suppose -k*g + 57 = 13. Calculate the remainder when g is divided by q(11).
4
Let l(p) = 49*p - 273. What is the remainder when l(7) is divided by 11?
4
Let a(r) = 5*r**2 - 21*r + 58. What is the remainder when a(3) is divided by 15?
10
Let o(m) = m**3 + 8*m**2 + 4*m - 1. What is the remainder when o(-4) is divided by ((-10)/(-7))/(8/56)?
7
Let b = 287 + -233. What is the remainder when 201 is divided by b?
39
Suppose 320 + 541 = 3*m. What is the remainder when m is divided by 17?
15
Let v(k) = -22*k**3 + k + 2. Suppose -94 - 174 = -4*t. What is the remainder when t is divided by v(-1)?
21
Suppose 4*b = 4*c + 144, -b + 5*c + 46 = -2. Calculate the remainder when b is divided by 2/4 - (-46)/4.
9
Let v(g) = 9*g**3 - g**2 + g - 1. Let m(h) = -h**3 + 4*h**2 + 3*h + 4. Let y be m(5). Let w = -5 - y. Calculate the remainder when 29 is divided by v(w).
5
Let b(p) = 1 + 8 + 7*p - 3*p - 3 + p**2. Let f be b(-4). Let j(o) = o + 4. Calculate the remainder when 18 is divided by j(f).
8
Let s(z) = -z**3 - 2*z**2 + 5*z + 4. Let b be s(-4). Suppose -5*g + 44 = -b. What is the remainder when (1 + 3/(-2))*-94 is divided by g?
11
Let n(l) = 2*l**3 - 13*l**2 - 2*l + 25. What is the remainder when n(7) is divided by 21?
18
Let i = 325 + -267. What is the remainder when i is divided by 12?
10
Suppose p - 74 = -0*p. Let k(g) = 4*g**2 - 4*g - 5. Let r(v) = -v**3 + 5*v**2 + 7*v - 8. Let q be r(6). What is the remainder when p is divided by k(q)?
17
Let g be 2/(4*1)*(-12 - -20). Suppose -z + g = -5. Suppose -3*k + 72 = -3*u + u, 2*u - 84 = -3*k. Calculate the remainder when k is divided by z.
8
Calculate the remainder when ((-346)/(-5))/((308/(-55))/(-14)) is divided by 13.
4
Suppose -4*c - 2*i = -14, 7*c - 19 = 2*c - 3*i. Suppose h - 104 = -7*h. Calculate the remainder when c*(45/2 - -2) is divided by h.
10
Let a be 2 + -4 - 1 - 4. Suppose -2*d - 4*b + 12 = -2*b, -5*b = -4*d - 21. What is the remainder when d is divided by a/(-7)*(-1)/(-1)?
0
Let z = 29 + -19. Suppose -28 + 4 = -4*q. Calculate the remainder when z is divided by -1*2 - (-48)/q.
4
Calculate the remainder when 21 is divided by 666/54 - (-4)/(-12).
9
Let i be (-1 + -9)*26/(-65). Suppose -i + 5 = -f. What is the remainder when 12 is divided by ((-2 - f) + -4)/(-1)?
2
Let p = -29 + 47. Let y(l) = l**3 - 4*l**2 - 7*l + 7. Let b be y(5). Calculate the remainder when 58*b*(-3)/p is divided by 16.
13
Suppose -r + 2*p = 3, 0*r + p + 11 = 3*r. Suppose -r*o + 132 = -o. Calculate the remainder when 164 is divided by o.
32
Calculate the remainder when -5*(-6)/9*(-162)/(-15) is divided by 24.
12
Suppose -c + 6 = -2*i, -5*c - i + 12 = -7. Suppose -q + 5*y + 71 = 3*q, 5*q = -5*y + 55. Calculate the remainder when (-1 - c)*53/(-5) is divided by q.
11
Let t(p) = 21*p - 24*p + 30 + 31*p. Calculate the remainder when t(5) is divided by 57.
56
Suppose 4*c - 66 = -5*s, -79*s = -c - 82*s + 20. What is the remainder when 70 is divided by c?
0
Suppose 4*r + 99 = 13*r. What is the remainder when r is divided by 5?
1
Let z = 509 - 477. What is the remainder when z is divided by 31?
1
Let m = -432 - -695. Calculate the remainder when m is divided by 19.
16
Suppose -6*l - 2900 + 3446 = 0. Calculate the remainder when 904 is divided by l.
85
Let x(b) = -b + 32. Calculate the remainder when 277 is divided by x(3).
16
Let t = -73 + 64. Let m(z) = -z**3 - 9*z**2 - 5*z - 16. Calculate the remainder when m(t) is divided by 8.
5
Let x = 90 + -60. Suppose 5*z - 70 = -2*w, 5*w - w = 3*z - 16. Calculate the remainder when x is divided by z.
6
Suppose -3*i + 8*i - 3*n - 25 = 0, -3*i + 15 = -2*n. Let s(l) = -l**2 - 5*l**2 + i*l**2 + 7. Calculate the remainder when s(0) is divided by 2.
1
Let v = -350 - -360. Let k be -1 + -1 + (0 - -2). Suppose -3*g + 3 = -3*i, k*g + 5*i = 2*g + 7. Calculate the remainder when v is divided by g.
2
Let n(d) = d**2 - 9*d - 5. Let g be n(7). What is the remainder when 45 is divided by (2 - g) + 16/(-4)?
11
Let z = 281 + -252. Calculate the remainder when z is divided by 8.
5
Let f = -10550 + 10604. Suppose -16 = -2*h - 2*h. Suppose i - 5*l + 1 + 0 = 0, -60 = -4*i + h*l. What is the remainder when f is divided by i?
16
Let w(i) = -i**3 + 6*i**2 + 5*i + 10. Let o be w(7). Calculate the remainder when 193 is divided by (-1375)/(-35) + 0 + o/14.
37
Suppose 0*q = 2*q + 3*y - 167, 279 = 3*q - 5*y. Let j = -1254 + 1284. What is the remainder when q is divided by j?
28
What is the remainder when 176 is divided by (72 + -52)*(1 + 9/(-12))?
1
Suppose -32*w = -13*w - 532. Calculate the remainder when 122 is divided by w.
10
Let a(s) = -37*s + 40. What is the remainder when a(-2) is divided by 13?
10
Let j(z) = 160*z**2 + 20*z - 19. Calculate the remainder when j(1) is divided by 1.
0
Suppose 2*p - v - 102 = -4*v, 5*v + 77 = p. What is the remainder when 224 is divided by p?
53
Suppose -2*c - 5*z = -119, 17*c - 309 = 12*c - z. Calculate the remainder when c is divided by 16.
14
Suppose 0 = b + 1, f + 2*f + 5*b = -464. Let g = -108 - f. Suppose x - 15 = -0*t - 4*t, 0 = 2*x + 3*t - g. Calculate the remainder when 105 is divided by x.
24
Let q be (10/(-50))/((-2)/30). What is the remainder when 112 is divided by q/(-15) + 1455/25?
54
Suppose -35*z + 39321 = 16*z. What is the remainder when z is divided by 97?
92
Calculate the remainder when 635 is divided by (35/14)/((-9)/1080*-25).
11
Let t = -1713 - -1809. What is the remainder when t is divided by 23?
4
Let i = -42 - -92. Suppose 0*n = -2*n + i. Let v = -328 - -374. What is the remainder when v is divided by n?
21
Suppose 13*k + 39 = -o + 14*k, -o - 44 = -2*k. What is the remainder when (-2002)/o - (-30)/255 is divided by 9?
5
Let n be (3 - 4) + 0 + -4. Let f = -15 + 9. What is the remainder when 57 is divided by (6/n)/(f/75)?
12
Let h(s) = -36*s**3 + s - 3*s**2 + 37*s**3 - 7*s + 5. Let i(j) = 2*j + 7. Let l be i(-1). What is the remainder when h(l) is divided by 13?
12
Suppose 5*y + 78 = 4*k, 57 = -3*k + 6*k - 3*y. What is the remainder when 108 is divided by k?
6
Let m = -15 - -76. Calculate the remainder when m is divided by 17.
10
Let h(i) = 136*i - 6189. Let m = 15 + 4. What is the remainder when h(46) is divided by m?
10
Let n = 39 + -24. Let j = -19 + n. Let f(w) = -4*w - 5. What is the remainder when 42 is divided by f(j)?
9
Suppose -2*n + 104 = -2*i, 3*i = -4*n - 115 + 330. Calculate the remainder when n is divided by 21.
11
Let m = -14 + 26. Let k(i) = -i + 17. Let h be k(m). What is the remainder when 46 is divided by 6/3 + 50/h?
10
Let s(v) = 2*v**2 - 31*v + 70. Let x(p) = 8*p - 9. What is the remainder when x(11) is divided by s(14)?
23
Let f be ((1 - 4)*1)/(-1). Suppose f*i + 2*i - 640 = 0. What is the remainder when 31 is divided by (6/(-4))/((-24)/i)?
7
Let p be (-1)/(2/(-174))*(-1)/(-1). Let g = p - 75. Suppose 71 = 2*l + 5*v, 0 = 4*l + v - 19 - 78. What is the remainder when l is divided by g?
11
Suppose -3*d = o - 131, 3*d + 5*o - 128 = -1. Suppose d + 47 = 7*s. Suppose 5*v - 73 - 112 = 0. What is the remainder when v is divided by s?
11
Suppose 559*r - 962 = 533*r. Suppose 0*p - p + 72 = 0. What is the remainder when p is divided by r?
35
Let m(t) = 17*t - 9. Let x be m(5). Suppose g = 3*g - x. Suppose -3*d - j = -3*j - g, -5*d + 4*j + 62 = 0. Calculate the remainder when 50 is divided by d.
8
Suppose 18*j - 152 = 406. What is the remainder w